9917?
9
What is the hundreds digit of 16166992?
9
What is the tens digit of 149505?
0
What is the tens digit of 132768?
6
What is the millions digit of 14923924?
4
What is the hundred thousands digit of 835279?
8
What is the ten thousands digit of 205031?
0
What is the millions digit of 1717397?
1
What is the ten thousands digit of 1524860?
2
What is the thousands digit of 114237?
4
What is the hundreds digit of 5823241?
2
What is the hundreds digit of 2644617?
6
What is the millions digit of 2006082?
2
What is the hundreds digit of 1974673?
6
What is the units digit of 54359?
9
What is the millions digit of 1317805?
1
What is the thousands digit of 2115477?
5
What is the units digit of 2544871?
1
What is the thousands digit of 1684963?
4
What is the hundreds digit of 408716?
7
What is the hundreds digit of 1845165?
1
What is the hundred thousands digit of 234932?
2
What is the millions digit of 7154744?
7
What is the units digit of 168157?
7
What is the units digit of 8534449?
9
What is the hundred thousands digit of 999409?
9
What is the thousands digit of 2836146?
6
What is the tens digit of 5851757?
5
What is the thousands digit of 90427?
0
What is the thousands digit of 4339128?
9
What is the hundred thousands digit of 352669?
3
What is the units digit of 4359716?
6
What is the hundred thousands digit of 29388771?
3
What is the thousands digit of 536817?
6
What is the ten thousands digit of 211344?
1
What is the units digit of 9220059?
9
What is the hundreds digit of 382226?
2
What is the ten thousands digit of 47029?
4
What is the units digit of 7952917?
7
What is the ten thousands digit of 507738?
0
What is the hundreds digit of 1403830?
8
What is the thousands digit of 597543?
7
What is the tens digit of 2667464?
6
What is the hundred thousands digit of 29849411?
8
What is the thousands digit of 568376?
8
What is the millions digit of 2528325?
2
What is the hundred thousands digit of 575233?
5
What is the units digit of 36020?
0
What is the tens digit of 278105?
0
What is the thousands digit of 13841?
3
What is the hundreds digit of 715662?
6
What is the units digit of 2136104?
4
What is the ten thousands digit of 2139711?
3
What is the ten thousands digit of 13589725?
8
What is the hundred thousands digit of 1281913?
2
What is the hundred thousands digit of 11172013?
1
What is the tens digit of 485811?
1
What is the units digit of 431206?
6
What is the hundreds digit of 587524?
5
What is the ten thousands digit of 1451785?
5
What is the ten thousands digit of 115632?
1
What is the units digit of 22170250?
0
What is the tens digit of 228557?
5
What is the ten thousands digit of 27818?
2
What is the tens digit of 360155?
5
What is the millions digit of 3111725?
3
What is the hundred thousands digit of 3231492?
2
What is the hundred thousands digit of 168992?
1
What is the hundreds digit of 893909?
9
What is the hundred thousands digit of 25774384?
7
What is the hundreds digit of 5516047?
0
What is the thousands digit of 5066639?
6
What is the hundred thousands digit of 133006?
1
What is the tens digit of 9788590?
9
What is the thousands digit of 14405356?
5
What is the units digit of 2449460?
0
What is the units digit of 840353?
3
What is the ten thousands digit of 59703?
5
What is the hundreds digit of 1564519?
5
What is the tens digit of 1194878?
7
What is the tens digit of 699230?
3
What is the hundred thousands digit of 595854?
5
What is the tens digit of 510915?
1
What is the units digit of 54577?
7
What is the ten thousands digit of 2501416?
0
What is the thousands digit of 2921?
2
What is the units digit of 234797?
7
What is the units digit of 8232243?
3
What is the thousands digit of 186191?
6
What is the tens digit of 6550174?
7
What is the thousands digit of 140542?
0
What is the tens digit of 1040674?
7
What is the millions digit of 2067914?
2
What is the thousands digit of 183927?
3
What is the hundreds digit of 293362?
3
What is the tens digit of 264794?
9
What is the ten thousands digit of 56012?
5
What is the hundreds digit of 584755?
7
What is the thousands digit of 6077079?
7
What is the hundred thousands digit of 3892392?
8
What is the ten thousands digit of 32181899?
8
What is the millions digit of 1866156?
1
What is the tens digit of 9955733?
3
What is the hundreds digit of 274288?
2
What is the ten thousands digit of 274511?
7
What is the ten thousands digit of 2658732?
5
What is the tens digit of 311244?
4
What is the hundred thousands digit of 1043908?
0
What is the thousands digit of 122486?
2
What is the units digit of 121710?
0
What is the tens digit of 15968407?
0
What is the hundred thousands digit of 2466284?
4
What is the units digit of 196743?
3
What is the units digit of 195816?
6
What is the ten thousands digit of 142199?
4
What is the hundreds digit of 2851179?
1
What is the hundred thousands digit of 391930?
3
What is the thousands digit of 799936?
9
What is the hundred thousands digit of 1432341?
4
What is the thousands digit of 653184?
3
What is the hundreds digit of 4478508?
5
What is the hundreds digit of 517408?
4
What is the thousands digit of 3551213?
1
What is the hundreds digit of 2233281?
2
What is the hundreds digit of 103605?
6
What is the millions digit of 21381679?
1
What is the hundreds digit of 132735?
7
What is the ten thousands digit of 3913641?
1
What is the millions digit of 21497329?
1
What is the tens digit of 145198?
9
What is the ten thousands digit of 381679?
8
What is the tens digit of 1226004?
0
What is the tens digit of 721107?
0
What is the thousands digit of 262564?
2
What is the hundred thousands digit of 3414423?
4
What is the tens digit of 9207489?
8
What is the hundreds digit of 407529?
5
What is the units digit of 167119?
9
What is the units digit of 109795?
5
What is the hundred thousands digit of 1410754?
4
What is the hundreds digit of 466605?
6
What is the units digit of 277094?
4
What is the millions digit of 3333856?
3
What is the hundred thousands digit of 100870?
1
What is the hundreds digit of 93863?
8
What is the tens digit of 50582?
8
What is the hundreds digit of 53995?
9
What is the units digit of 3372770?
0
What is the hundred thousands digit of 7458717?
4
What is the units digit of 450570?
0
What is the units digit of 6228434?
4
What is the units digit of 7903003?
3
What is the ten thousands digit of 4135711?
3
What is the tens digit of 14014?
1
What is the hundreds digit of 132061?
0
What is the thousands digit of 790385?
0
What is the thousands digit of 10144674?
4
What is the hundred thousands digit of 778807?
7
What is the tens digit of 1039975?
7
What is the thousands digit of 22715113?
5
What is the tens digit of 1618144?
4
What is the thousands digit of 6243980?
3
What is the hundred thousands digit of 163299?
1
What is the hundreds digit of 391096?
0
What is the hundred thousands digit of 4961385?
9
What is the tens digit of 745668?
6
What is the hundreds digit of 1711331?
3
What is the tens digit of 365963?
6
What is the thousands digit of 20643?
0
What is the tens digit of 2615832?
3
What is the hundreds digit of 2021478?
4
What is the hundreds digit of 80982?
9
What is the tens digit of 6729454?
5
What is the ten thousands digit of 16972665?
7
What is the tens digit of 3723910?
1
What is the tens digit of 426551?
5
What is the hundreds digit of 6870539?
5
What is the ten thousands digit of 398268?
9
What is the thousands digit of 304163?
4
What is the units digit of 5068981?
1
What is the tens digit of 185180?
8
What is the millions digit of 12553407?
2
What is the millions digit of 1637363?
1
What is the millions digit of 15484601?
5
What is the units digit of 157294?
4
What is the ten thousands digit of 2138526?
3
What is the tens digit of 722215?
1
What is the hundreds digit of 485803?
8
What is the hundreds digit of 649353?
3
What is the tens digit of 76619?
1
What is the hundreds digit of 5197069?
0
What is the millions digit of 9044195?
9
What is the tens digit of 218610?
1
What is the units digit of 8712941?
1
What is the hundred thousands digit of 543903?
5
What is the hundreds digit of 31955?
9
What is the units digit of 3739362?
2
What is the hundreds digit of 3855448?
4
What is the thousands digit of 1315179?
5
What is the tho